{"id":253,"date":"2025-02-11T14:38:38","date_gmt":"2025-02-11T13:38:38","guid":{"rendered":"https:\/\/lebistrotchouette.fr\/?page_id=253"},"modified":"2025-07-23T16:38:04","modified_gmt":"2025-07-23T14:38:04","slug":"cafe","status":"publish","type":"page","link":"https:\/\/lebistrotchouette.fr\/?page_id=253","title":{"rendered":"Un caf\u00e9, c&rsquo;est une chouette pause&#8230;"},"content":{"rendered":"\n<p>Au&nbsp;<strong>Bistrot Chouette<\/strong>, chaque moment est une invitation \u00e0 la d\u00e9tente et au plaisir, que ce soit pour un&nbsp;<strong>caf\u00e9 matinal<\/strong>\u00e9nergisant, un d\u00e9jeuner convivial ou une pause gourmande \u00e0 tout moment de la journ\u00e9e. Notre caf\u00e9, soigneusement s\u00e9lectionn\u00e9, est parfait pour bien d\u00e9marrer la journ\u00e9e ou se retrouver entre amis pour un moment chaleureux.<\/p>\n\n\n\n<p>Que vous veniez pour une simple&nbsp;<strong>pause caf\u00e9<\/strong>, un&nbsp;<strong>brunch<\/strong>&nbsp;du dimanche ou un&nbsp;<strong>ap\u00e9ro entre amis<\/strong>, nous avons ce qu\u2019il vous faut pour vous faire sentir comme chez vous.<\/p>\n\n\n\n<h3 class=\"wp-block-heading\">Un lieu de d\u00e9tente, \u00e0 toute heure<\/h3>\n\n\n\n<p>Le&nbsp;<strong>Bistrot Chouette<\/strong>&nbsp;vous accueille :<\/p>\n\n\n\n<ul class=\"wp-block-list\">\n<li><strong>Le matin<\/strong>, pour un\u00a0<strong>caf\u00e9 savoureux<\/strong>\u00a0accompagn\u00e9 de douceurs<\/li>\n\n\n\n<li><strong>Tout au long de la journ\u00e9e<\/strong>, pour un\u00a0<strong>caf\u00e9 en terrasse<\/strong>, un moment de calme ou un ap\u00e9ro tranquille<\/li>\n\n\n\n<li><strong>En soir\u00e9e<\/strong>, pour prolonger l\u2019instant avec un cocktail ou un verre de vin dans une ambiance d\u00e9contract\u00e9e<\/li>\n<\/ul>\n\n\n\n<h3 class=\"wp-block-heading\">Nos horaires du bar et caf\u00e9 :<\/h3>\n\n\n\n<ul class=\"wp-block-list\">\n<li><strong>Lundi &amp; Mardi<\/strong>\u00a0: Ferm\u00e9<\/li>\n\n\n\n<li><strong>Mercredi &amp; Jeudi<\/strong>\u00a0: 10h00 &#8211; 18h00 \u2013 Caf\u00e9, terrasse, ap\u00e9ro<\/li>\n\n\n\n<li><strong>Vendredi &amp; Samedi<\/strong>\u00a0: 10h00 &#8211; 00h00 \u2013 Soir\u00e9es, cocktails, ambiance<\/li>\n\n\n\n<li><strong>Dimanche<\/strong>\u00a0: 09h00 &#8211; 16h00 \u2013 Brunch, bulles, d\u00e9tente<\/li>\n<\/ul>\n\n\n\n<p>Le\u00a0<strong>Bistrot Chouette<\/strong>\u00a0est l\u2019endroit id\u00e9al pour\u00a0<strong>faire une pause<\/strong>\u00a0et profiter d\u2019une\u00a0<strong>chouette parenth\u00e8se<\/strong>\u00a0dans votre journ\u00e9e.<\/p>\n\n\n\n<p><\/p>\n\n\n\n<p><strong>L&rsquo;abus d&rsquo;alcool est dangereux pour la sant\u00e9, \u00e0 consommer avec mod\u00e9ration.<\/strong><\/p>\n","protected":false},"excerpt":{"rendered":"<p>Au&nbsp;Bistrot Chouette, chaque moment est une invitation \u00e0 la d\u00e9tente et au plaisir, que ce soit pour un&nbsp;caf\u00e9 matinal\u00e9nergisant, un d\u00e9jeuner convivial ou une pause gourmande \u00e0 tout moment de la journ\u00e9e. Notre caf\u00e9, soigneusement s\u00e9lectionn\u00e9, est parfait pour bien d\u00e9marrer la journ\u00e9e ou se retrouver entre amis pour un moment chaleureux. Que vous veniez [&hellip;]<\/p>\n","protected":false},"author":3,"featured_media":260,"parent":0,"menu_order":0,"comment_status":"closed","ping_status":"closed","template":"","meta":{"footnotes":""},"class_list":["post-253","page","type-page","status-publish","has-post-thumbnail","hentry"],"yoast_head":"<!-- This site is optimized with the Yoast SEO plugin v26.4 - https:\/\/yoast.com\/wordpress\/plugins\/seo\/ -->\n<title>Un caf\u00e9, c&#039;est une chouette pause... - Le Bistrot Chouette Au plaisir de vous accueillir !<\/title>\n<meta name=\"description\" content=\"Au\u00a0Bistrot Chouette, chaque moment est une invitation \u00e0 la d\u00e9tente et au plaisir, que ce soit pour un\u00a0caf\u00e9 matinal\u00e9nergisant !\" \/>\n<meta name=\"robots\" content=\"index, follow, max-snippet:-1, max-image-preview:large, max-video-preview:-1\" \/>\n<link rel=\"canonical\" href=\"https:\/\/lebistrotchouette.fr\/?page_id=253\" \/>\n<meta property=\"og:locale\" content=\"fr_FR\" \/>\n<meta property=\"og:type\" content=\"article\" \/>\n<meta property=\"og:title\" content=\"Un caf\u00e9, c&#039;est une chouette pause... - Le Bistrot Chouette Au plaisir de vous accueillir !\" \/>\n<meta property=\"og:description\" content=\"Au\u00a0Bistrot Chouette, chaque moment est une invitation \u00e0 la d\u00e9tente et au plaisir, que ce soit pour un\u00a0caf\u00e9 matinal\u00e9nergisant !\" \/>\n<meta property=\"og:url\" content=\"https:\/\/lebistrotchouette.fr\/?page_id=253\" \/>\n<meta property=\"og:site_name\" content=\"Le Bistrot Chouette\" \/>\n<meta property=\"article:publisher\" content=\"https:\/\/www.facebook.com\/profile.php?id=100088824242366\" \/>\n<meta property=\"article:modified_time\" content=\"2025-07-23T14:38:04+00:00\" \/>\n<meta property=\"og:image\" content=\"https:\/\/lebistrotchouette.fr\/wp-content\/uploads\/2025\/02\/Cafe.png\" \/>\n\t<meta property=\"og:image:width\" content=\"1250\" \/>\n\t<meta property=\"og:image:height\" content=\"625\" \/>\n\t<meta property=\"og:image:type\" content=\"image\/png\" \/>\n<meta name=\"twitter:card\" content=\"summary_large_image\" \/>\n<meta name=\"twitter:label1\" content=\"Dur\u00e9e de lecture estim\u00e9e\" \/>\n\t<meta name=\"twitter:data1\" content=\"2 minutes\" \/>\n<script type=\"application\/ld+json\" class=\"yoast-schema-graph\">{\"@context\":\"https:\/\/schema.org\",\"@graph\":[{\"@type\":\"WebPage\",\"@id\":\"https:\/\/lebistrotchouette.fr\/?page_id=253\",\"url\":\"https:\/\/lebistrotchouette.fr\/?page_id=253\",\"name\":\"Un caf\u00e9, c'est une chouette pause... - Le Bistrot Chouette Au plaisir de vous accueillir !\",\"isPartOf\":{\"@id\":\"https:\/\/lebistrotchouette.fr\/#website\"},\"primaryImageOfPage\":{\"@id\":\"https:\/\/lebistrotchouette.fr\/?page_id=253#primaryimage\"},\"image\":{\"@id\":\"https:\/\/lebistrotchouette.fr\/?page_id=253#primaryimage\"},\"thumbnailUrl\":\"https:\/\/lebistrotchouette.fr\/wp-content\/uploads\/2025\/02\/Cafe.png\",\"datePublished\":\"2025-02-11T13:38:38+00:00\",\"dateModified\":\"2025-07-23T14:38:04+00:00\",\"description\":\"Au\u00a0Bistrot Chouette, chaque moment est une invitation \u00e0 la d\u00e9tente et au plaisir, que ce soit pour un\u00a0caf\u00e9 matinal\u00e9nergisant !\",\"breadcrumb\":{\"@id\":\"https:\/\/lebistrotchouette.fr\/?page_id=253#breadcrumb\"},\"inLanguage\":\"fr-FR\",\"potentialAction\":[{\"@type\":\"ReadAction\",\"target\":[\"https:\/\/lebistrotchouette.fr\/?page_id=253\"]}]},{\"@type\":\"ImageObject\",\"inLanguage\":\"fr-FR\",\"@id\":\"https:\/\/lebistrotchouette.fr\/?page_id=253#primaryimage\",\"url\":\"https:\/\/lebistrotchouette.fr\/wp-content\/uploads\/2025\/02\/Cafe.png\",\"contentUrl\":\"https:\/\/lebistrotchouette.fr\/wp-content\/uploads\/2025\/02\/Cafe.png\",\"width\":1250,\"height\":625},{\"@type\":\"BreadcrumbList\",\"@id\":\"https:\/\/lebistrotchouette.fr\/?page_id=253#breadcrumb\",\"itemListElement\":[{\"@type\":\"ListItem\",\"position\":1,\"name\":\"Accueil\",\"item\":\"https:\/\/lebistrotchouette.fr\/\"},{\"@type\":\"ListItem\",\"position\":2,\"name\":\"Un caf\u00e9, c&rsquo;est une chouette pause&#8230;\"}]},{\"@type\":\"WebSite\",\"@id\":\"https:\/\/lebistrotchouette.fr\/#website\",\"url\":\"https:\/\/lebistrotchouette.fr\/\",\"name\":\"Lebistrotchouette\",\"description\":\"Restaurant \u00e0 Jupilles\",\"publisher\":{\"@id\":\"https:\/\/lebistrotchouette.fr\/#organization\"},\"potentialAction\":[{\"@type\":\"SearchAction\",\"target\":{\"@type\":\"EntryPoint\",\"urlTemplate\":\"https:\/\/lebistrotchouette.fr\/?s={search_term_string}\"},\"query-input\":{\"@type\":\"PropertyValueSpecification\",\"valueRequired\":true,\"valueName\":\"search_term_string\"}}],\"inLanguage\":\"fr-FR\"},{\"@type\":\"Organization\",\"@id\":\"https:\/\/lebistrotchouette.fr\/#organization\",\"name\":\"Lebistrotchouette\",\"url\":\"https:\/\/lebistrotchouette.fr\/\",\"logo\":{\"@type\":\"ImageObject\",\"inLanguage\":\"fr-FR\",\"@id\":\"https:\/\/lebistrotchouette.fr\/#\/schema\/logo\/image\/\",\"url\":\"https:\/\/lebistrotchouette.fr\/wp-content\/uploads\/2025\/02\/02-Logo-Noir-WEB-1.png\",\"contentUrl\":\"https:\/\/lebistrotchouette.fr\/wp-content\/uploads\/2025\/02\/02-Logo-Noir-WEB-1.png\",\"width\":1667,\"height\":1667,\"caption\":\"Lebistrotchouette\"},\"image\":{\"@id\":\"https:\/\/lebistrotchouette.fr\/#\/schema\/logo\/image\/\"},\"sameAs\":[\"https:\/\/www.facebook.com\/profile.php?id=100088824242366\"]}]}<\/script>\n<!-- \/ Yoast SEO plugin. -->","yoast_head_json":{"title":"Un caf\u00e9, c'est une chouette pause... - Le Bistrot Chouette Au plaisir de vous accueillir !","description":"Au\u00a0Bistrot Chouette, chaque moment est une invitation \u00e0 la d\u00e9tente et au plaisir, que ce soit pour un\u00a0caf\u00e9 matinal\u00e9nergisant !","robots":{"index":"index","follow":"follow","max-snippet":"max-snippet:-1","max-image-preview":"max-image-preview:large","max-video-preview":"max-video-preview:-1"},"canonical":"https:\/\/lebistrotchouette.fr\/?page_id=253","og_locale":"fr_FR","og_type":"article","og_title":"Un caf\u00e9, c'est une chouette pause... - Le Bistrot Chouette Au plaisir de vous accueillir !","og_description":"Au\u00a0Bistrot Chouette, chaque moment est une invitation \u00e0 la d\u00e9tente et au plaisir, que ce soit pour un\u00a0caf\u00e9 matinal\u00e9nergisant !","og_url":"https:\/\/lebistrotchouette.fr\/?page_id=253","og_site_name":"Le Bistrot Chouette","article_publisher":"https:\/\/www.facebook.com\/profile.php?id=100088824242366","article_modified_time":"2025-07-23T14:38:04+00:00","og_image":[{"width":1250,"height":625,"url":"https:\/\/lebistrotchouette.fr\/wp-content\/uploads\/2025\/02\/Cafe.png","type":"image\/png"}],"twitter_card":"summary_large_image","twitter_misc":{"Dur\u00e9e de lecture estim\u00e9e":"2 minutes"},"schema":{"@context":"https:\/\/schema.org","@graph":[{"@type":"WebPage","@id":"https:\/\/lebistrotchouette.fr\/?page_id=253","url":"https:\/\/lebistrotchouette.fr\/?page_id=253","name":"Un caf\u00e9, c'est une chouette pause... - Le Bistrot Chouette Au plaisir de vous accueillir !","isPartOf":{"@id":"https:\/\/lebistrotchouette.fr\/#website"},"primaryImageOfPage":{"@id":"https:\/\/lebistrotchouette.fr\/?page_id=253#primaryimage"},"image":{"@id":"https:\/\/lebistrotchouette.fr\/?page_id=253#primaryimage"},"thumbnailUrl":"https:\/\/lebistrotchouette.fr\/wp-content\/uploads\/2025\/02\/Cafe.png","datePublished":"2025-02-11T13:38:38+00:00","dateModified":"2025-07-23T14:38:04+00:00","description":"Au\u00a0Bistrot Chouette, chaque moment est une invitation \u00e0 la d\u00e9tente et au plaisir, que ce soit pour un\u00a0caf\u00e9 matinal\u00e9nergisant !","breadcrumb":{"@id":"https:\/\/lebistrotchouette.fr\/?page_id=253#breadcrumb"},"inLanguage":"fr-FR","potentialAction":[{"@type":"ReadAction","target":["https:\/\/lebistrotchouette.fr\/?page_id=253"]}]},{"@type":"ImageObject","inLanguage":"fr-FR","@id":"https:\/\/lebistrotchouette.fr\/?page_id=253#primaryimage","url":"https:\/\/lebistrotchouette.fr\/wp-content\/uploads\/2025\/02\/Cafe.png","contentUrl":"https:\/\/lebistrotchouette.fr\/wp-content\/uploads\/2025\/02\/Cafe.png","width":1250,"height":625},{"@type":"BreadcrumbList","@id":"https:\/\/lebistrotchouette.fr\/?page_id=253#breadcrumb","itemListElement":[{"@type":"ListItem","position":1,"name":"Accueil","item":"https:\/\/lebistrotchouette.fr\/"},{"@type":"ListItem","position":2,"name":"Un caf\u00e9, c&rsquo;est une chouette pause&#8230;"}]},{"@type":"WebSite","@id":"https:\/\/lebistrotchouette.fr\/#website","url":"https:\/\/lebistrotchouette.fr\/","name":"Lebistrotchouette","description":"Restaurant \u00e0 Jupilles","publisher":{"@id":"https:\/\/lebistrotchouette.fr\/#organization"},"potentialAction":[{"@type":"SearchAction","target":{"@type":"EntryPoint","urlTemplate":"https:\/\/lebistrotchouette.fr\/?s={search_term_string}"},"query-input":{"@type":"PropertyValueSpecification","valueRequired":true,"valueName":"search_term_string"}}],"inLanguage":"fr-FR"},{"@type":"Organization","@id":"https:\/\/lebistrotchouette.fr\/#organization","name":"Lebistrotchouette","url":"https:\/\/lebistrotchouette.fr\/","logo":{"@type":"ImageObject","inLanguage":"fr-FR","@id":"https:\/\/lebistrotchouette.fr\/#\/schema\/logo\/image\/","url":"https:\/\/lebistrotchouette.fr\/wp-content\/uploads\/2025\/02\/02-Logo-Noir-WEB-1.png","contentUrl":"https:\/\/lebistrotchouette.fr\/wp-content\/uploads\/2025\/02\/02-Logo-Noir-WEB-1.png","width":1667,"height":1667,"caption":"Lebistrotchouette"},"image":{"@id":"https:\/\/lebistrotchouette.fr\/#\/schema\/logo\/image\/"},"sameAs":["https:\/\/www.facebook.com\/profile.php?id=100088824242366"]}]}},"_links":{"self":[{"href":"https:\/\/lebistrotchouette.fr\/index.php?rest_route=\/wp\/v2\/pages\/253","targetHints":{"allow":["GET"]}}],"collection":[{"href":"https:\/\/lebistrotchouette.fr\/index.php?rest_route=\/wp\/v2\/pages"}],"about":[{"href":"https:\/\/lebistrotchouette.fr\/index.php?rest_route=\/wp\/v2\/types\/page"}],"author":[{"embeddable":true,"href":"https:\/\/lebistrotchouette.fr\/index.php?rest_route=\/wp\/v2\/users\/3"}],"replies":[{"embeddable":true,"href":"https:\/\/lebistrotchouette.fr\/index.php?rest_route=%2Fwp%2Fv2%2Fcomments&post=253"}],"version-history":[{"count":5,"href":"https:\/\/lebistrotchouette.fr\/index.php?rest_route=\/wp\/v2\/pages\/253\/revisions"}],"predecessor-version":[{"id":476,"href":"https:\/\/lebistrotchouette.fr\/index.php?rest_route=\/wp\/v2\/pages\/253\/revisions\/476"}],"wp:featuredmedia":[{"embeddable":true,"href":"https:\/\/lebistrotchouette.fr\/index.php?rest_route=\/wp\/v2\/media\/260"}],"wp:attachment":[{"href":"https:\/\/lebistrotchouette.fr\/index.php?rest_route=%2Fwp%2Fv2%2Fmedia&parent=253"}],"curies":[{"name":"wp","href":"https:\/\/api.w.org\/{rel}","templated":true}]}}